{"id":149,"date":"2019-08-16T11:16:14","date_gmt":"2019-08-16T09:16:14","guid":{"rendered":"http:\/\/wordpress.kreativbauernhof.at\/?page_id=149"},"modified":"2020-03-22T09:32:17","modified_gmt":"2020-03-22T08:32:17","slug":"zur-geschichte-des-hofes","status":"publish","type":"page","link":"https:\/\/wordpress.kreativbauernhof.at\/?page_id=149","title":{"rendered":"Zur Geschichte des Hofes"},"content":{"rendered":"\n<ul class=\"wp-block-gallery columns-3 is-cropped wp-block-gallery-1 is-layout-flex wp-block-gallery-is-layout-flex\"><li class=\"blocks-gallery-item\"><figure><img loading=\"lazy\" decoding=\"async\" width=\"1002\" height=\"637\" src=\"http:\/\/wordpress.kreativbauernhof.at\/wp-content\/uploads\/2019\/08\/haus_und_hof_01-e1565947492216.jpg\" alt=\"\" data-id=\"153\" data-link=\"http:\/\/wordpress.kreativbauernhof.at\/?attachment_id=153\" class=\"wp-image-153\"\/><figcaption>Um 1950<\/figcaption><\/figure><\/li><li class=\"blocks-gallery-item\"><figure><img loading=\"lazy\" decoding=\"async\" width=\"1024\" height=\"755\" src=\"http:\/\/wordpress.kreativbauernhof.at\/wp-content\/uploads\/2019\/08\/haus_und_hof_02-1024x755.jpg\" alt=\"\" data-id=\"154\" data-link=\"http:\/\/wordpress.kreativbauernhof.at\/?attachment_id=154\" class=\"wp-image-154\"\/><figcaption>Um 1980<\/figcaption><\/figure><\/li><li class=\"blocks-gallery-item\"><figure><img loading=\"lazy\" decoding=\"async\" width=\"1024\" height=\"683\" src=\"http:\/\/wordpress.kreativbauernhof.at\/wp-content\/uploads\/2019\/08\/haus_und_hof_10-1024x683.jpg\" alt=\"\" data-id=\"156\" data-link=\"http:\/\/wordpress.kreativbauernhof.at\/?attachment_id=156\" class=\"wp-image-156\"\/><figcaption>1990<\/figcaption><\/figure><\/li><li class=\"blocks-gallery-item\"><figure><img loading=\"lazy\" decoding=\"async\" width=\"1024\" height=\"709\" src=\"http:\/\/wordpress.kreativbauernhof.at\/wp-content\/uploads\/2019\/08\/haus_und_hof_03-1024x709.jpg\" alt=\"\" data-id=\"155\" data-link=\"http:\/\/wordpress.kreativbauernhof.at\/?attachment_id=155\" class=\"wp-image-155\"\/><figcaption>2000<\/figcaption><\/figure><\/li><li class=\"blocks-gallery-item\"><figure><img loading=\"lazy\" decoding=\"async\" width=\"1024\" height=\"716\" src=\"http:\/\/wordpress.kreativbauernhof.at\/wp-content\/uploads\/2019\/08\/haus_und_hof_13_b_2017-1024x716.jpg\" alt=\"\" data-id=\"158\" data-link=\"http:\/\/wordpress.kreativbauernhof.at\/?attachment_id=158\" class=\"wp-image-158\"\/><figcaption>2010<\/figcaption><\/figure><\/li><li class=\"blocks-gallery-item\"><figure><img loading=\"lazy\" decoding=\"async\" width=\"1024\" height=\"577\" src=\"http:\/\/wordpress.kreativbauernhof.at\/wp-content\/uploads\/2019\/08\/haus_und_hof_13_2007-1024x577.jpg\" alt=\"\" data-id=\"157\" data-link=\"http:\/\/wordpress.kreativbauernhof.at\/?attachment_id=157\" class=\"wp-image-157\"\/><figcaption>2014<\/figcaption><\/figure><\/li><\/ul>\n\n\n\n<p class=\"has-small-font-size\">Im fr\u00fchesten greifbaren Kataster von 1822 ist die Hube vulgo &#8222;Schober&#8220; bereits verzeichnet. Offenbar konnte die winzige Liegenschaft in den folgenden Jahrzehnten durch Zukauf deutlich erweitert werden und umfasste um 1900 die Gr\u00f6\u00dfe von ca. 12 ha. Aus dieser Zeit stammt der Kern des heutigen Wohnhauses, und als Vulgoname firmiert schon der heutige &#8222;Scheibenbauer&#8220;.<br>1956 haben Herbert und Josefine Wessely  auf der Suche nach einem eigenen St\u00fcckchen Land die Liegenschaft in  Birkengreith angekauft. Sie war in einem erb\u00e4rmlichen Zustand \u2013 weder  flie\u00dfendes Wasser noch elektrischer Strom waren vorhanden, geschweige  denn sanit\u00e4re Anlagen. Es dauerte f\u00fcnfzehn Jahre, bis ein  funktionsf\u00e4higer Obstbaubetrieb, damals noch mit ein wenig Viehhaltung  in kleinem Ma\u00dfstab, hergestellt war. Leider verstarb Herbert 1974 im  Alter von gerade 47 Jahren, aber Josefine hielt mit unglaublichem Flei\u00df  und gro\u00dfer Z\u00e4higkeit durch und schaffte es, trotz gro\u00dfer Schwierigkeiten  den Betrieb zu halten und ihren drei Kindern eine gute Ausbildung zu erm\u00f6glichen (Walter wurde Musikproduzent, und Johannes Mechaniker). \u00a0<\/p>\n\n\n\n<div class=\"wp-block-image\"><figure class=\"alignright is-resized\"><img loading=\"lazy\" decoding=\"async\" src=\"http:\/\/wordpress.kreativbauernhof.at\/wp-content\/uploads\/2019\/08\/IMG_3336-300x200.jpg\" alt=\"\" class=\"wp-image-89\" width=\"218\" height=\"145\" srcset=\"https:\/\/wordpress.kreativbauernhof.at\/wp-content\/uploads\/2019\/08\/IMG_3336-300x200.jpg 300w, https:\/\/wordpress.kreativbauernhof.at\/wp-content\/uploads\/2019\/08\/IMG_3336-768x512.jpg 768w, https:\/\/wordpress.kreativbauernhof.at\/wp-content\/uploads\/2019\/08\/IMG_3336-1024x683.jpg 1024w, https:\/\/wordpress.kreativbauernhof.at\/wp-content\/uploads\/2019\/08\/IMG_3336-1568x1045.jpg 1568w\" sizes=\"(max-width: 218px) 100vw, 218px\" \/><figcaption>Der Holzbackofen wird gebaut, <br>ca. 2010<\/figcaption><\/figure><\/div>\n\n\n\n<p class=\"has-small-font-size\">1984 schloss Christian die HBLA Raumberg  ab; 1992 heiratete er seine Gattin Ingeborg. In den 1990ern wurde der  Obstbau eingestellt, der Anbau von Dinkel und \u00d6lk\u00fcrbis dominierte nun  den Betriebsablauf. <br>Josefine ist 2009 verstorben. Das  wichtigste Verm\u00e4chtnis, das sie landwirtschaftlich hinterlassen hat,  waren der Dinkel und der \u00d6lk\u00fcrbis \u2013 beide hat sie Mitte der 1970er  anzubauen begonnen, als Pionierin des \u00f6kologischen Gedankens streng  darauf bedacht, immer das eigene Saatgut weiter zu verwenden und keine  Form von chemischer Beeinflussung auf den Feldern zu dulden. <br>Ingeborg, schon seit langen Jahren die  Hauptverantwortliche f\u00fcr den Betrieb, ist darauf bedacht, dieses Erbe  fortzuf\u00fchren und f\u00fcr k\u00fcnftige Generationen zu erhalten.<\/p>\n","protected":false},"excerpt":{"rendered":"<p>Im fr\u00fchesten greifbaren Kataster von 1822 ist die Hube vulgo &#8222;Schober&#8220; bereits verzeichnet. Offenbar konnte die winzige Liegenschaft in den folgenden Jahrzehnten durch Zukauf deutlich erweitert werden und umfasste um 1900 die Gr\u00f6\u00dfe von ca. 12 ha. Aus dieser Zeit &hellip; <a href=\"https:\/\/wordpress.kreativbauernhof.at\/?page_id=149\">Weiterlesen <span class=\"meta-nav\">&rarr;<\/span><\/a><\/p>\n","protected":false},"author":1,"featured_media":16,"parent":0,"menu_order":0,"comment_status":"closed","ping_status":"closed","template":"onecolumn-page.php","meta":{"footnotes":""},"_links":{"self":[{"href":"https:\/\/wordpress.kreativbauernhof.at\/index.php?rest_route=\/wp\/v2\/pages\/149"}],"collection":[{"href":"https:\/\/wordpress.kreativbauernhof.at\/index.php?rest_route=\/wp\/v2\/pages"}],"about":[{"href":"https:\/\/wordpress.kreativbauernhof.at\/index.php?rest_route=\/wp\/v2\/types\/page"}],"author":[{"embeddable":true,"href":"https:\/\/wordpress.kreativbauernhof.at\/index.php?rest_route=\/wp\/v2\/users\/1"}],"replies":[{"embeddable":true,"href":"https:\/\/wordpress.kreativbauernhof.at\/index.php?rest_route=%2Fwp%2Fv2%2Fcomments&post=149"}],"version-history":[{"count":10,"href":"https:\/\/wordpress.kreativbauernhof.at\/index.php?rest_route=\/wp\/v2\/pages\/149\/revisions"}],"predecessor-version":[{"id":276,"href":"https:\/\/wordpress.kreativbauernhof.at\/index.php?rest_route=\/wp\/v2\/pages\/149\/revisions\/276"}],"wp:featuredmedia":[{"embeddable":true,"href":"https:\/\/wordpress.kreativbauernhof.at\/index.php?rest_route=\/wp\/v2\/media\/16"}],"wp:attachment":[{"href":"https:\/\/wordpress.kreativbauernhof.at\/index.php?rest_route=%2Fwp%2Fv2%2Fmedia&parent=149"}],"curies":[{"name":"wp","href":"https:\/\/api.w.org\/{rel}","templated":true}]}}