{"id":180,"date":"2019-08-16T11:49:22","date_gmt":"2019-08-16T09:49:22","guid":{"rendered":"http:\/\/wordpress.kreativbauernhof.at\/?page_id=180"},"modified":"2019-11-28T17:58:00","modified_gmt":"2019-11-28T16:58:00","slug":"patchworkarbeiten","status":"publish","type":"page","link":"https:\/\/wordpress.kreativbauernhof.at\/?page_id=180","title":{"rendered":"Patchworkarbeiten"},"content":{"rendered":"\n<p class=\"has-small-font-size\">Was Inge f\u00fcr sich als Kunsthandwerk entdeckt hat und auch f\u00fcr andere produziert, ist Patchwork in jeder erdenklichen Form. In jedem einzelnen St\u00fcck,  das sie fertigt, stecken Stunden an Kreativit\u00e4t und sorgf\u00e4ltiger  Verarbeitung. <\/p>\n\n\n\n<ul class=\"wp-block-gallery columns-3 is-cropped wp-block-gallery-1 is-layout-flex wp-block-gallery-is-layout-flex\"><li class=\"blocks-gallery-item\"><figure><img loading=\"lazy\" decoding=\"async\" width=\"600\" height=\"691\" src=\"http:\/\/wordpress.kreativbauernhof.at\/wp-content\/uploads\/2019\/11\/adventstern.jpg\" alt=\"\" data-id=\"254\" data-link=\"http:\/\/wordpress.kreativbauernhof.at\/?attachment_id=254\" class=\"wp-image-254\" srcset=\"https:\/\/wordpress.kreativbauernhof.at\/wp-content\/uploads\/2019\/11\/adventstern.jpg 600w, https:\/\/wordpress.kreativbauernhof.at\/wp-content\/uploads\/2019\/11\/adventstern-260x300.jpg 260w\" sizes=\"(max-width: 600px) 100vw, 600px\" \/><figcaption>In Arbeit: Ein neuer Weihnachtsstern (ca. 80 cm)<\/figcaption><\/figure><\/li><li class=\"blocks-gallery-item\"><figure><img loading=\"lazy\" decoding=\"async\" width=\"250\" height=\"157\" src=\"http:\/\/wordpress.kreativbauernhof.at\/wp-content\/uploads\/2019\/08\/stern_kaffeetisch-2.jpg\" alt=\"\" data-id=\"128\" data-link=\"http:\/\/wordpress.kreativbauernhof.at\/?attachment_id=128\" class=\"wp-image-128\"\/><figcaption>Deko f\u00fcr den Kaffeetisch (ca. 120 cm)<\/figcaption><\/figure><\/li><li class=\"blocks-gallery-item\"><figure><img loading=\"lazy\" decoding=\"async\" width=\"600\" height=\"650\" src=\"http:\/\/wordpress.kreativbauernhof.at\/wp-content\/uploads\/2019\/11\/christbaumkultur.jpg\" alt=\"\" data-id=\"255\" data-link=\"http:\/\/wordpress.kreativbauernhof.at\/?attachment_id=255\" class=\"wp-image-255\" srcset=\"https:\/\/wordpress.kreativbauernhof.at\/wp-content\/uploads\/2019\/11\/christbaumkultur.jpg 600w, https:\/\/wordpress.kreativbauernhof.at\/wp-content\/uploads\/2019\/11\/christbaumkultur-277x300.jpg 277w\" sizes=\"(max-width: 600px) 100vw, 600px\" \/><figcaption>In Arbeit: duftende Christb\u00e4ume<\/figcaption><\/figure><\/li><li class=\"blocks-gallery-item\"><figure><img loading=\"lazy\" decoding=\"async\" width=\"250\" height=\"197\" src=\"http:\/\/wordpress.kreativbauernhof.at\/wp-content\/uploads\/2019\/08\/tt_sofa_1b-1.jpg\" alt=\"\" data-id=\"129\" data-link=\"http:\/\/wordpress.kreativbauernhof.at\/?attachment_id=129\" class=\"wp-image-129\"\/><figcaption>Taschentuchsofa f\u00fcr Fantasievolle<\/figcaption><\/figure><\/li><li class=\"blocks-gallery-item\"><figure><img loading=\"lazy\" decoding=\"async\" width=\"250\" height=\"234\" src=\"http:\/\/wordpress.kreativbauernhof.at\/wp-content\/uploads\/2019\/08\/patchwork_salatkopf.jpg\" alt=\"\" data-id=\"124\" data-link=\"http:\/\/wordpress.kreativbauernhof.at\/?attachment_id=124\" class=\"wp-image-124\"\/><figcaption>Kopfsalat<\/figcaption><\/figure><\/li><li class=\"blocks-gallery-item\"><figure><img loading=\"lazy\" decoding=\"async\" width=\"250\" height=\"271\" src=\"http:\/\/wordpress.kreativbauernhof.at\/wp-content\/uploads\/2019\/08\/kuerbis_1-1.jpg\" alt=\"\" data-id=\"112\" data-link=\"http:\/\/wordpress.kreativbauernhof.at\/?attachment_id=112\" class=\"wp-image-112\"\/><figcaption>\u00d6lk\u00fcrbis zum Ankuscheln<\/figcaption><\/figure><\/li><\/ul>\n\n\n\n<p class=\"has-small-font-size\">Nur gezielt ausgesuchte Stoffe von hoher Qualit\u00e4t und  perfekter Farbgebung werden eingesetzt, damit am Ende ein Unikat  herauskommt, das einerseits wundersch\u00f6n anzusehen ist, aber andererseits  auch lange haltbar ist und seine Funktion perfekt erf\u00fcllt.<\/p>\n\n\n\n<ul class=\"wp-block-gallery columns-3 is-cropped wp-block-gallery-2 is-layout-flex wp-block-gallery-is-layout-flex\"><li class=\"blocks-gallery-item\"><figure><img loading=\"lazy\" decoding=\"async\" width=\"1024\" height=\"856\" src=\"http:\/\/wordpress.kreativbauernhof.at\/wp-content\/uploads\/2019\/08\/polster_2-1024x856.jpg\" alt=\"\" data-id=\"51\" data-link=\"http:\/\/wordpress.kreativbauernhof.at\/?attachment_id=51\" class=\"wp-image-51\" srcset=\"https:\/\/wordpress.kreativbauernhof.at\/wp-content\/uploads\/2019\/08\/polster_2-1024x856.jpg 1024w, https:\/\/wordpress.kreativbauernhof.at\/wp-content\/uploads\/2019\/08\/polster_2-300x251.jpg 300w, https:\/\/wordpress.kreativbauernhof.at\/wp-content\/uploads\/2019\/08\/polster_2-768x642.jpg 768w, https:\/\/wordpress.kreativbauernhof.at\/wp-content\/uploads\/2019\/08\/polster_2.jpg 1082w\" sizes=\"(max-width: 1024px) 100vw, 1024px\" \/><figcaption>Sonnenaufgang f\u00fcr Liebhaber des bequemen Sitzens<\/figcaption><\/figure><\/li><li class=\"blocks-gallery-item\"><figure><img loading=\"lazy\" decoding=\"async\" width=\"674\" height=\"1024\" src=\"http:\/\/wordpress.kreativbauernhof.at\/wp-content\/uploads\/2019\/08\/glasfenster-674x1024.jpg\" alt=\"\" data-id=\"49\" data-link=\"http:\/\/wordpress.kreativbauernhof.at\/?attachment_id=49\" class=\"wp-image-49\" srcset=\"https:\/\/wordpress.kreativbauernhof.at\/wp-content\/uploads\/2019\/08\/glasfenster-674x1024.jpg 674w, https:\/\/wordpress.kreativbauernhof.at\/wp-content\/uploads\/2019\/08\/glasfenster-198x300.jpg 198w, https:\/\/wordpress.kreativbauernhof.at\/wp-content\/uploads\/2019\/08\/glasfenster-768x1166.jpg 768w, https:\/\/wordpress.kreativbauernhof.at\/wp-content\/uploads\/2019\/08\/glasfenster.jpg 1435w\" sizes=\"(max-width: 674px) 100vw, 674px\" \/><figcaption>Glasfenster der Taufkapelle in Lassnitzh\u00f6he, in Patchwork nachgebaut<\/figcaption><\/figure><\/li><li class=\"blocks-gallery-item\"><figure><img loading=\"lazy\" decoding=\"async\" width=\"400\" height=\"436\" src=\"http:\/\/wordpress.kreativbauernhof.at\/wp-content\/uploads\/2019\/08\/tagesdecke_1.jpg\" alt=\"\" data-id=\"53\" data-link=\"http:\/\/wordpress.kreativbauernhof.at\/?attachment_id=53\" class=\"wp-image-53\" srcset=\"https:\/\/wordpress.kreativbauernhof.at\/wp-content\/uploads\/2019\/08\/tagesdecke_1.jpg 400w, https:\/\/wordpress.kreativbauernhof.at\/wp-content\/uploads\/2019\/08\/tagesdecke_1-275x300.jpg 275w\" sizes=\"(max-width: 400px) 100vw, 400px\" \/><figcaption>Tagesdecke, ca. 120x200cm<\/figcaption><\/figure><\/li><\/ul>\n\n\n\n<p class=\"has-small-font-size\">Und alle diese St\u00fccke  bleiben auf ihre Art Unikate. Nichts entsteht doppelt, in immer neuen  Variationen werden traditionelle Muster mit neuen Ideen kombiniert und  so entstehen Einzelst\u00fccke, die vom kleinen Toilettet\u00e4schchen \u00fcber  Taschentuchsofas bis hin zu Tagesdecken f\u00fcr Doppelbetten reichen. &nbsp;<\/p>\n","protected":false},"excerpt":{"rendered":"<p>Was Inge f\u00fcr sich als Kunsthandwerk entdeckt hat und auch f\u00fcr andere produziert, ist Patchwork in jeder erdenklichen Form. In jedem einzelnen St\u00fcck, das sie fertigt, stecken Stunden an Kreativit\u00e4t und sorgf\u00e4ltiger Verarbeitung. Nur gezielt ausgesuchte Stoffe von hoher Qualit\u00e4t &hellip; <a href=\"https:\/\/wordpress.kreativbauernhof.at\/?page_id=180\">Weiterlesen <span class=\"meta-nav\">&rarr;<\/span><\/a><\/p>\n","protected":false},"author":1,"featured_media":36,"parent":0,"menu_order":0,"comment_status":"closed","ping_status":"closed","template":"onecolumn-page.php","meta":{"footnotes":""},"_links":{"self":[{"href":"https:\/\/wordpress.kreativbauernhof.at\/index.php?rest_route=\/wp\/v2\/pages\/180"}],"collection":[{"href":"https:\/\/wordpress.kreativbauernhof.at\/index.php?rest_route=\/wp\/v2\/pages"}],"about":[{"href":"https:\/\/wordpress.kreativbauernhof.at\/index.php?rest_route=\/wp\/v2\/types\/page"}],"author":[{"embeddable":true,"href":"https:\/\/wordpress.kreativbauernhof.at\/index.php?rest_route=\/wp\/v2\/users\/1"}],"replies":[{"embeddable":true,"href":"https:\/\/wordpress.kreativbauernhof.at\/index.php?rest_route=%2Fwp%2Fv2%2Fcomments&post=180"}],"version-history":[{"count":4,"href":"https:\/\/wordpress.kreativbauernhof.at\/index.php?rest_route=\/wp\/v2\/pages\/180\/revisions"}],"predecessor-version":[{"id":257,"href":"https:\/\/wordpress.kreativbauernhof.at\/index.php?rest_route=\/wp\/v2\/pages\/180\/revisions\/257"}],"wp:featuredmedia":[{"embeddable":true,"href":"https:\/\/wordpress.kreativbauernhof.at\/index.php?rest_route=\/wp\/v2\/media\/36"}],"wp:attachment":[{"href":"https:\/\/wordpress.kreativbauernhof.at\/index.php?rest_route=%2Fwp%2Fv2%2Fmedia&parent=180"}],"curies":[{"name":"wp","href":"https:\/\/api.w.org\/{rel}","templated":true}]}}