{"id":5,"date":"2019-08-16T10:44:05","date_gmt":"2019-08-16T08:44:05","guid":{"rendered":"http:\/\/wordpress.kreativbauernhof.at\/?page_id=5"},"modified":"2023-11-29T17:15:28","modified_gmt":"2023-11-29T16:15:28","slug":"willkommen","status":"publish","type":"page","link":"https:\/\/wordpress.kreativbauernhof.at\/","title":{"rendered":"Willkommen!"},"content":{"rendered":"<div class=\"wp-block-image\">\n<figure class=\"alignright is-resized\"><img loading=\"lazy\" decoding=\"async\" width=\"203\" height=\"280\" src=\"http:\/\/wordpress.kreativbauernhof.at\/wp-content\/uploads\/2019\/08\/iw_cw.jpg\" alt=\"\" class=\"wp-image-102\" style=\"width:169px;height:233px\"\/><\/figure><\/div>\n\n\n<p>Am Kreativbauernhof in  Birkengreith im Gro\u00dfraum Graz leben Ingeborg und Christian Wessely mit  ihren Kindern Magdalena und Michael und ihren M\u00f6psen Paula und Emma. <br>Ingeborg,  von ihren Freundinnen kurz \u201eInge\u201c genannt, ist der Kopf dieses kleinen  Betriebes, der im Nebenerwerb gef\u00fchrt wird und f\u00fcr die Familie  Lebensgrundlage, Kraftquelle und Ort f\u00fcr die k\u00fcnstlerische Entfaltung  ist.<\/p>\n\n\n\n<p class=\"has-normal-font-size\">Unterst\u00fctzt wird sie von Christian, ihrem geliebten Wirrkopf, mit dem sie seit \u00fcber 30 Jahren alle H\u00f6hen und Tiefen teilt (und dessen Ideen, die nicht immer so genial sind, wie er selbst meint, sie manchmal auch nicht im erwarteten Ausma\u00df begeistern). <\/p>\n\n\n\n<div class=\"wp-block-columns is-layout-flex wp-container-core-columns-layout-2 wp-block-columns-is-layout-flex\">\n<div class=\"wp-block-column is-layout-flow wp-block-column-is-layout-flow\" style=\"flex-basis:100%\">\n<div class=\"wp-block-columns is-layout-flex wp-container-core-columns-layout-1 wp-block-columns-is-layout-flex\">\n<div class=\"wp-block-column is-layout-flow wp-block-column-is-layout-flow\">\n<figure class=\"wp-block-image size-full\"><img loading=\"lazy\" decoding=\"async\" width=\"3072\" height=\"2048\" src=\"http:\/\/wordpress.kreativbauernhof.at\/wp-content\/uploads\/2019\/08\/IMG_6271.jpg\" alt=\"\" class=\"wp-image-98\" srcset=\"https:\/\/wordpress.kreativbauernhof.at\/wp-content\/uploads\/2019\/08\/IMG_6271.jpg 3072w, https:\/\/wordpress.kreativbauernhof.at\/wp-content\/uploads\/2019\/08\/IMG_6271-300x200.jpg 300w, https:\/\/wordpress.kreativbauernhof.at\/wp-content\/uploads\/2019\/08\/IMG_6271-768x512.jpg 768w, https:\/\/wordpress.kreativbauernhof.at\/wp-content\/uploads\/2019\/08\/IMG_6271-1024x683.jpg 1024w, https:\/\/wordpress.kreativbauernhof.at\/wp-content\/uploads\/2019\/08\/IMG_6271-1568x1045.jpg 1568w\" sizes=\"(max-width: 3072px) 100vw, 3072px\" \/><\/figure>\n<\/div>\n<\/div>\n<\/div>\n<\/div>\n\n\n\n<p><\/p>\n\n\n\n<p><\/p>\n","protected":false},"excerpt":{"rendered":"<p>Am Kreativbauernhof in Birkengreith im Gro\u00dfraum Graz leben Ingeborg und Christian Wessely mit ihren Kindern Magdalena und Michael und ihren M\u00f6psen Paula und Emma. Ingeborg, von ihren Freundinnen kurz \u201eInge\u201c genannt, ist der Kopf dieses kleinen Betriebes, der im Nebenerwerb &hellip; <a href=\"https:\/\/wordpress.kreativbauernhof.at\/\">Weiterlesen <span class=\"meta-nav\">&rarr;<\/span><\/a><\/p>\n","protected":false},"author":1,"featured_media":19,"parent":0,"menu_order":0,"comment_status":"closed","ping_status":"closed","template":"onecolumn-page.php","meta":{"footnotes":""},"_links":{"self":[{"href":"https:\/\/wordpress.kreativbauernhof.at\/index.php?rest_route=\/wp\/v2\/pages\/5"}],"collection":[{"href":"https:\/\/wordpress.kreativbauernhof.at\/index.php?rest_route=\/wp\/v2\/pages"}],"about":[{"href":"https:\/\/wordpress.kreativbauernhof.at\/index.php?rest_route=\/wp\/v2\/types\/page"}],"author":[{"embeddable":true,"href":"https:\/\/wordpress.kreativbauernhof.at\/index.php?rest_route=\/wp\/v2\/users\/1"}],"replies":[{"embeddable":true,"href":"https:\/\/wordpress.kreativbauernhof.at\/index.php?rest_route=%2Fwp%2Fv2%2Fcomments&post=5"}],"version-history":[{"count":39,"href":"https:\/\/wordpress.kreativbauernhof.at\/index.php?rest_route=\/wp\/v2\/pages\/5\/revisions"}],"predecessor-version":[{"id":355,"href":"https:\/\/wordpress.kreativbauernhof.at\/index.php?rest_route=\/wp\/v2\/pages\/5\/revisions\/355"}],"wp:featuredmedia":[{"embeddable":true,"href":"https:\/\/wordpress.kreativbauernhof.at\/index.php?rest_route=\/wp\/v2\/media\/19"}],"wp:attachment":[{"href":"https:\/\/wordpress.kreativbauernhof.at\/index.php?rest_route=%2Fwp%2Fv2%2Fmedia&parent=5"}],"curies":[{"name":"wp","href":"https:\/\/api.w.org\/{rel}","templated":true}]}}